ommon divisor of 30 and y?
10
Let l = 106 + -50. Suppose -5*f - 3*x + 55 = 0, -2*f - x + 48 - 25 = 0. What is the greatest common divisor of f and l?
14
Let a(j) = j**3 - 7*j**2 - 19*j + 9. Let m be a(9). Suppose m*v + 2*v - 24 = 5*w, 60 = 5*v + w. What is the greatest common factor of v and 18?
6
Let a = 288 + -188. Let q = -13969 - -14009. What is the highest common divisor of q and a?
20
Let g(l) = 18*l + 65. Let q be g(13). What is the highest common factor of q and 23?
23
Let s = 1352 + -1156. Calculate the greatest common factor of 539 and s.
49
Suppose 5*b - 100 = -5*b. Suppose b*l - 100 = 140. What is the highest common divisor of l and 16?
8
Suppose -4*j + 88 = 2*d, 5*j - 118 = -4*d + 58. Suppose 2*x = 22 + d. Let u = -23 + x. What is the greatest common factor of 70 and u?
10
Let m = 1 + 17. Suppose 0 = 3*g - 48 + m. What is the greatest common factor of g and 80?
10
Let c(m) = m**2 - 8*m + 15. Let s be c(12). Let d = s - 53. Calculate the greatest common factor of 70 and d.
10
Let z be (90/(-150))/((-2)/1610). Calculate the highest common factor of 21 and z.
21
Let y(i) = 21*i - 294. Let q be y(17). Calculate the highest common divisor of 28 and q.
7
Suppose -6*s + 9*s = 42. What is the greatest common factor of s and 6?
2
Let s = -19 + 19. Suppose -4*i + 4 + s = 0. What is the greatest common divisor of 11 and i?
1
Let z = 61 + -89. Let s be z + 43 + 1 + (-1 - 0). Suppose -4*g + 0*g = -480. Calculate the greatest common factor of s and g.
15
Suppose 2*y - 131 = i, 0*y + 4*i = -3*y + 180. What is the highest common factor of y and 80?
16
Suppose -3*t + 51 = 2*l, 2*t - 53 = -2*l - 7. Calculate the highest common factor of l and 8.
2
Let y(t) = -50*t - 571. Let u be y(-12). Let o = 217 + -101. What is the greatest common factor of o and u?
29
Suppose -4*u + 5*n = -192, -u - 2*n - 1 = -49. Suppose t = u - 33. Calculate the greatest common factor of 165 and t.
15
Suppose 0 = -26*v + 32*v - 72. What is the greatest common factor of 282 and v?
6
Let b be 1/(15*(-3)/(-15))*216. What is the highest common divisor of b and 312?
24
Let u(h) = -1 - 2*h - 3 - 4. Let d be u(6). Let t = 28 + d. Calculate the greatest common divisor of 56 and t.
8
Let l be -7 + (3 - -1*132). What is the highest common factor of l and 160?
32
Suppose -3*u + 0*u + 8 = 4*f, -5*f = -5*u - 10. Suppose -j - f*j = -6. Let c be (4 + -1)*(16 + j). Calculate the greatest common factor of c and 6.
6
Suppose 110*u + 240 = 112*u. Suppose -4*f + t + 2*t = -u, f = -t + 23. Calculate the greatest common divisor of 135 and f.
27
Suppose 1044 = -39*d + 51*d. Calculate the greatest common factor of d and 15.
3
Suppose -b - 3 + 27 = 0. Let z be (-18)/b*(-5 + 1). Suppose 0*i - 72 = -z*i. What is the highest common factor of i and 192?
24
Let n(s) = 2*s**2 + 16*s + 52. Let w be n(-10). Suppose 0 = 3*l + c - 2*c - 76, -4*l + w = c. What is the highest common divisor of 168 and l?
24
Let n = -135 - -171. Let l = -6 + 18. Calculate the greatest common factor of n and l.
12
Let r = 61 + -58. Let h be (r + -20)/(6/(-30)). Calculate the highest common divisor of 17 and h.
17
Let s(p) = 11*p**2 - p. Let u be s(1). Let b = u + 6. Calculate the greatest common divisor of 64 and b.
16
Suppose -37*n + 30*n + 168 = 0. What is the greatest common factor of n and 264?
24
Let o be -3 + 3/3 + 4. Suppose 0 = -o*b - 0*b + 46. Let y be (184/(-10))/(7/(105/(-3))). Calculate the highest common factor of y and b.
23
Suppose -q + 36 = 5*a, -5*q + 35*a + 180 = 32*a. What is the highest common factor of q and 108?
36
Let q(l) = 19 - 166*l + 3*l**2 + 179*l - l**3 + 9*l**2. Let u be q(13). Calculate the greatest common divisor of u and 76.
19
Let l be 10/(-20)*(-16 - 0). Calculate the greatest common factor of 188 and l.
4
Suppose 38*x - 47*x = -90. Calculate the greatest common divisor of 600 and x.
10
Suppose -3*p + 2*w - 368 = -5*p, -2*p = 3*w - 372. Suppose -5*d - d = -p. What is the greatest common factor of 120 and d?
30
Suppose 26 = 4*j + 2*k, 2*j + 2*j + 4*k - 16 = 0. What is the greatest common factor of 153 and j?
9
Let d(x) = 9*x**3 - 3*x**2 + 5*x + 10. Let k be d(-4). Let p be (-3)/(-2) - k/4. Calculate the highest common divisor of p and 32.
32
Let b(a) = 17 - 26 - a - 6*a**2 - 6*a**2 - a**3. Let l be b(-12). Calculate the highest common divisor of 24 and l.
3
Let x(i) be the first derivative of 6*i - 5*i**2 + 5 - 3*i**3 + 1/4*i**4. Let q be x(10). Calculate the greatest common divisor of 15 and q.
3
Let n = -962 + 974. Let k = 11 + -6. Suppose k*b = b + 2*u + 94, 70 = 3*b - 2*u. Calculate the highest common factor of n and b.
12
Let v = -599 + 614. Calculate the greatest common divisor of v and 55.
5
Let k = 386 + -10. Suppose -3*f = 5*o - k, 10*o = -f + 5*o + 112. Calculate the highest common factor of f and 12.
12
Suppose 0*y - 155 = -5*y. What is the greatest common divisor of y and 62?
31
Let z(p) = -1 - p + 3*p + 2*p**2 - p. Let b be z(-2). Let j = -5650 + 5651. Calculate the greatest common factor of j and b.
1
Suppose 123 = 6*l - 2*l - 3*f, 28 = l + 2*f. What is the greatest common divisor of 54 and l?
6
Let t = 133 + -129. Suppose -t*q + 553 = 73. Calculate the highest common divisor of q and 6.
6
Let i be 522/16 + 57/152. Calculate the greatest common divisor of 11 and i.
11
Let a = -3 - -7. Suppose a*z + z = 250. What is the greatest common divisor of z and 75?
25
Let r(j) = -j + 2. Let i be r(0). Suppose -c + 3*h + 2 = 6, c - i*h + 2 = 0. Suppose -c*t = 4*t - 720. Calculate the greatest common divisor of 48 and t.
24
Let y be (-325)/(-52) + 2/(-8). Suppose y*p = 2*p + 40. What is the greatest common factor of p and 25?
5
Let h(t) = -3*t + 7. Suppose 0 = -5*x - 5, -x = -3*k - 11. Let v be h(k). What is the greatest common divisor of v and 38?
19
Let v be 2*(-55)/20*-36. Calculate the greatest common factor of v and 22.
22
Suppose 0 = 4*j + 2*f - 14, 4*f + 38 = 5*j - 2*j. Calculate the greatest common divisor of j and 6.
6
Suppose -3*v + 16 = -4*w + 3, 0 = -w - 1. Suppose n - 5 = 0, 0*b + 33 = v*b + 3*n. What is the greatest common factor of b and 21?
3
Suppose 0 = 31*f - 13*f - 54. Calculate the greatest common factor of f and 72.
3
Suppose 7*k - 2*k + 4*a - 114 = 0, 0 = 5*a + 20. Suppose -3*y = -164 - 70. What is the greatest common factor of k and y?
26
Let t = -1195 + 1216. What is the greatest common divisor of 1533 and t?
21
Suppose 137 + 80 = 81*p - 26. Suppose f - 6*f = -240. What is the greatest common divisor of f and p?
3
Let a be ((-2)/(-5))/((-20609)/3435 + 6). What is the highest common factor of a and 6?
6
Let o be 5*16*13*(-4)/(-20). Let p = 114 - 88. What is the greatest common factor of o and p?
26
Let d = 142 + -35. Suppose -3*u - 2*v + d = 0, -3*u - 5*v + 111 = 10. What is the greatest common factor of u and 148?
37
Suppose -l = z - 105, -z - 2*l + 105 = -5*l. Let q = 7 - 4. Let d be q - ((-21 - -2) + 1). What is the greatest common factor of z and d?
21
Let r = 146 - 137. Calculate the highest common divisor of 99 and r.
9
Let d(v) = 42*v**2 - v. Let j be d(-1). Suppose -j = l - 208. Let r be (-183)/(-12) + (-22)/(-8) + -3. Calculate the highest common divisor of r and l.
15
Suppose 3*q + 0*q - 42 = 0. Let s(p) = -p**2 - 6*p + 2. Suppose 30 = -6*y - 6. Let h be s(y). Calculate the greatest common factor of h and q.
2
Let r(i) = i**3 + 7*i**2 + 5*i - 14. Let h be r(-6). Let j be (-27)/(-4) - (-6)/h. Calculate the greatest common factor of 2 and j.
2
Let i = -251 + 350. What is the highest common divisor of 11 and i?
11
Suppose 0 = -w + 89 + 7. What is the greatest common factor of 48 and w?
48
Let i(h) = -h**3 - 16*h**2 + 25*h + 72. Let u be i(-18). Calculate the highest common factor of u and 120.
30
Let s(q) be the first derivative of 13*q + 1/2*q**2 - 3. Let c be s(8). Calculate the highest common divisor of 14 and c.
7
Suppose 0 = -0*v + v - 9. Let b(w) = 2*w - 5. Let q be b(v). Suppose -q = p + 4*f - 1, 0 = -5*p + 2*f + 28. What is the highest common factor of p and 1?
1
Suppose -u = -4*u + 387. Let c be u/6 + (-2)/(-4). What is the greatest common factor of 2 and c?
2
Suppose 0 = -32*u + 907 + 373. Calculate the greatest common divisor of 330 and u.
10
Let y be (-5)/(-15)*0/1. Suppose -2*l + 14 + 18 = y. What is the highest common factor of l and 208?
16
Supp